 remainder when 499700 is divided by 15.
5
Calculate the remainder when 5565 is divided by 199.
192
What is the remainder when 3174 is divided by 373?
190
Calculate the remainder when 13375 is divided by 16.
15
What is the remainder when 1165 is divided by 748?
417
Calculate the remainder when 1090 is divided by 160.
130
Calculate the remainder when 71808 is divided by 1260.
1248
Calculate the remainder when 351967 is divided by 22.
11
What is the remainder when 500 is divided by 46?
40
Calculate the remainder when 83505 is divided by 1439.
43
Calculate the remainder when 5760090 is divided by 163.
159
What is the remainder when 2543 is divided by 195?
8
What is the remainder when 1841 is divided by 656?
529
Calculate the remainder when 114733 is divided by 476.
17
What is the remainder when 53498 is divided by 17?
16
Calculate the remainder when 2450 is divided by 1224.
2
Calculate the remainder when 52923 is divided by 381.
345
Calculate the remainder when 383702 is divided by 577.
574
Calculate the remainder when 482 is divided by 142.
56
What is the remainder when 33295 is divided by 32?
15
Calculate the remainder when 1115 is divided by 228.
203
What is the remainder when 2325411 is divided by 42?
39
What is the remainder when 4192189 is divided by 124?
121
What is the remainder when 65877 is divided by 40?
37
What is the remainder when 4240 is divided by 6?
4
What is the remainder when 61118 is divided by 117?
44
What is the remainder when 115040 is divided by 38342?
14
Calculate the remainder when 38670 is divided by 216.
6
What is the remainder when 15994105 is divided by 92?
89
Calculate the remainder when 1563922 is divided by 106.
104
Calculate the remainder when 4057 is divided by 2299.
1758
What is the remainder when 1783704 is divided by 41?
40
Calculate the remainder when 23699 is divided by 119.
18
Calculate the remainder when 1500 is divided by 32.
28
Calculate the remainder when 150726 is divided by 427.
422
What is the remainder when 6319765 is divided by 364?
361
Calculate the remainder when 201561 is divided by 18.
15
Calculate the remainder when 9731 is divided by 117.
20
Calculate the remainder when 34039 is divided by 642.
13
What is the remainder when 42292 is divided by 114?
112
Calculate the remainder when 4028 is divided by 81.
59
Calculate the remainder when 3561 is divided by 123.
117
Calculate the remainder when 24149 is divided by 860.
69
What is the remainder when 150382 is divided by 208?
206
Calculate the remainder when 8721 is divided by 231.
174
Calculate the remainder when 200483 is divided by 38.
33
What is the remainder when 3378 is divided by 35?
18
Calculate the remainder when 5270 is divided by 257.
130
Calculate the remainder when 82957 is divided by 55.
17
What is the remainder when 1164 is divided by 228?
24
Calculate the remainder when 14819 is divided by 2922.
209
What is the remainder when 1518 is divided by 784?
734
What is the remainder when 40931 is divided by 744?
11
Calculate the remainder when 13202 is divided by 4283.
353
Calculate the remainder when 92109 is divided by 583.
578
Calculate the remainder when 100315 is divided by 432.
91
Calculate the remainder when 69158 is divided by 45.
38
What is the remainder when 616899 is divided by 858?
855
Calculate the remainder when 3062 is divided by 54.
38
Calculate the remainder when 1381 is divided by 259.
86
What is the remainder when 94412 is divided by 47206?
0
Calculate the remainder when 132324 is divided by 351.
348
What is the remainder when 9197 is divided by 254?
53
Calculate the remainder when 19089 is divided by 61.
57
Calculate the remainder when 1462 is divided by 19.
18
What is the remainder when 1301161 is divided by 2469?
2467
What is the remainder when 144929 is divided by 24?
17
What is the remainder when 2329 is divided by 773?
10
What is the remainder when 185147 is divided by 8415?
17
What is the remainder when 36859 is divided by 36?
31
What is the remainder when 39513 is divided by 1879?
54
Calculate the remainder when 7594 is divided by 22.
4
What is the remainder when 3796 is divided by 73?
0
What is the remainder when 90320 is divided by 17?
16
Calculate the remainder when 719164 is divided by 16.
12
What is the remainder when 1394345 is divided by 6?
5
What is the remainder when 1299 is divided by 323?
7
Calculate the remainder when 4225 is divided by 426.
391
Calculate the remainder when 2833483 is divided by 89.
79
Calculate the remainder when 3143 is divided by 6.
5
What is the remainder when 3700 is divided by 986?
742
Calculate the remainder when 23526 is divided by 3918.
18
What is the remainder when 181193 is divided by 45286?
49
What is the remainder when 10895 is divided by 309?
80
What is the remainder when 4113 is divided by 343?
340
What is the remainder when 23968 is divided by 3992?
16
Calculate the remainder when 39970 is divided by 195.
190
What is the remainder when 371 is divided by 145?
81
What is the remainder when 48062 is divided by 6864?
14
Calculate the remainder when 74494 is divided by 891.
541
What is the remainder when 216160 is divided by 52?
48
Calculate the remainder when 2332202 is divided by 7.
5
Calculate the remainder when 3377 is divided by 3204.
173
Calculate the remainder when 1861 is divided by 84.
13
What is the remainder when 2488 is divided by 2129?
359
What is the remainder when 204742 is divided by 449?
447
What is the remainder when 1217 is divided by 309?
290
Calculate the remainder when 359573 is divided by 73.
48
What is the remainder when 243554 is divided by 195?
194
Calculate the remainder when 443390 is divided by 21.
17
What is the remainder when 37417 is divided by 195?
172
Calculate the remainder when 6662 is divided by 3326.
10
Calculate the remainder when 325036 is divided by 327.
325
What is the remainder when 3079495 is divided by 1101?
1099
Calculate the remainder when 19027 is divided by 3592.
1067
Calculate the remainder when 1557 is divided by 105.
87
What is the remainder when 987 is divided by 89?
8
Calculate the remainder when 197418 is divided by 49.
46
Calculate the remainder when 362 is divided by 46.
40
What is the remainder when 236 is divided by 69?
29
Calculate the remainder when 29344 is divided by 50.
44
Calculate the remainder when 17050 is divided by 217.
124
What is the remainder when 488346 is divided by 326?
324
Calculate the remainder when 97556 is divided by 12191.
28
What is the remainder when 96671 is divided by 27?
11
What is the remainder when 1143 is divided by 129?
111
Calculate the remainder when 1284 is divided by 1252.
32
Calculate the remainder when 9698 is divided by 18.
14
What is the remainder when 6683 is divided by 30?
23
Calculate the remainder when 8987757 is divided by 190.
187
Calculate the remainder when 10651 is divided by 5312.
27
Calculate the remainder when 128084 is divided by 23.
20
What is the remainder when 2095 is divided by 2036?
59
Calculate the remainder when 86585 is divided by 375.
335
Calculate the remainder when 3924 is divided by 207.
198
Calculate the remainder when 10216 is divided by 47.
17
What is the remainder when 2649 is divided by 456?
369
Calculate the remainder when 7108 is divided by 198.
178
What is the remainder when 186665 is divided by 28?
17
Calculate the remainder when 15601 is divided by 546.
313
Calculate the remainder when 17486 is divided by 108.
98
What is the remainder when 5704 is divided by 268?
76
Calculate the remainder when 171308 is divided by 1382.
1322
Calculate the remainder when 17933 is divided by 61.
60
What is the remainder when 5612 is divided by 4525?
1087
What is the remainder when 190143 is divided by 105?
93
Calculate the remainder when 102502 is divided by 219.
10
What is the remainder when 34896 is divided by 10?
6
What is the remainder when 31741 is divided by 487?
86
What is the remainder when 14668 is divided by 1125?
43
Calculate the remainder when 278690 is divided by 13.
9
Calculate the remainder when 2619 is divided by 52.
19
What is the remainder when 301433 is divided by 10393?
36
What is the remainder when 29591 is divided by 315?
296
What is the remainder when 15085 is divided by 6780?
1525
Calculate the remainder when 53314 is divided by 19